006999.
107
What is the highest common factor of 297 and 77?
11
Calculate the greatest common divisor of 1529878 and 2.
2
Calculate the greatest common divisor of 8 and 42574.
2
What is the greatest common divisor of 3649497 and 6?
3
Calculate the greatest common divisor of 36276 and 12.
12
What is the greatest common factor of 5923 and 17?
1
Calculate the greatest common factor of 1425 and 2432.
19
Calculate the greatest common divisor of 4292 and 6068.
148
Calculate the greatest common factor of 128328 and 3672.
24
Calculate the greatest common divisor of 7535 and 3080.
55
Calculate the highest common factor of 8676 and 116644.
964
What is the highest common factor of 195 and 46215?
195
What is the highest common factor of 96913 and 12175?
487
What is the highest common factor of 640 and 32576?
64
Calculate the greatest common factor of 42 and 57386.
14
What is the greatest common factor of 240 and 60080?
80
What is the greatest common factor of 377 and 493?
29
What is the highest common divisor of 2526 and 66?
6
What is the highest common factor of 350 and 418936?
14
Calculate the highest common divisor of 415302 and 228.
114
Calculate the greatest common divisor of 929620 and 45580.
1060
What is the highest common divisor of 45 and 238365?
45
Calculate the greatest common divisor of 485241 and 19.
19
What is the highest common factor of 92720 and 2510?
10
Calculate the highest common factor of 509 and 698857.
509
Calculate the greatest common divisor of 408 and 1704.
24
What is the greatest common factor of 111 and 1060864?
37
Calculate the highest common factor of 172920 and 2280.
120
What is the highest common divisor of 24032 and 5024?
32
Calculate the highest common factor of 25655 and 7.
7
What is the greatest common factor of 43928 and 408?
136
Calculate the highest common factor of 1170 and 17082.
234
What is the greatest common factor of 2244 and 7788?
132
What is the greatest common factor of 47861 and 229?
229
Calculate the greatest common factor of 24242 and 884.
34
What is the highest common divisor of 45407 and 34?
17
What is the highest common factor of 486 and 2746386?
486
What is the highest common divisor of 185 and 81289?
37
What is the highest common factor of 14 and 34118?
14
Calculate the highest common factor of 105 and 388515.
15
What is the highest common divisor of 96672 and 4560?
912
What is the highest common factor of 2491 and 3392?
53
Calculate the highest common divisor of 27 and 4822227.
27
Calculate the highest common divisor of 4822858 and 94.
94
Calculate the highest common factor of 936 and 3449784.
312
What is the highest common divisor of 1716 and 1440?
12
Calculate the highest common divisor of 1993328 and 3792.
1264
What is the highest common factor of 232 and 6008?
8
What is the greatest common divisor of 215615 and 580?
145
Calculate the highest common factor of 153 and 137649.
51
What is the greatest common divisor of 15344 and 9179?
137
What is the highest common factor of 296 and 18?
2
What is the highest common divisor of 1730 and 15224?
346
Calculate the greatest common divisor of 145 and 537805.
145
Calculate the greatest common divisor of 2339 and 1.
1
What is the highest common factor of 1470 and 34195?
35
What is the greatest common factor of 45 and 592965?
45
Calculate the highest common factor of 124 and 1749671.
31
Calculate the highest common divisor of 28 and 976752.
28
What is the greatest common factor of 6286 and 13021?
449
What is the greatest common factor of 700 and 104916?
28
Calculate the greatest common divisor of 15 and 156435.
15
Calculate the highest common divisor of 3813 and 44826.
93
What is the greatest common divisor of 20 and 230540?
20
What is the greatest common factor of 12 and 2172228?
12
Calculate the highest common divisor of 48 and 270636.
12
Calculate the greatest common divisor of 37669 and 2641.
139
What is the highest common factor of 4 and 2428?
4
What is the highest common divisor of 4176 and 8712528?
1392
What is the highest common divisor of 602450 and 200?
50
What is the greatest common divisor of 100949 and 261?
29
Calculate the greatest common factor of 1006223 and 47.
47
Calculate the highest common divisor of 1100 and 1276.
44
What is the highest common factor of 912 and 22458?
114
Calculate the greatest common factor of 23 and 346909.
23
What is the greatest common divisor of 216 and 21087?
27
Calculate the highest common factor of 22 and 328064.
22
Calculate the greatest common divisor of 2000 and 17200.
400
What is the highest common divisor of 1555 and 2545?
5
What is the greatest common factor of 6055 and 2345?
35
Calculate the highest common factor of 48 and 14616816.
48
Calculate the greatest common factor of 22507 and 142.
71
What is the greatest common divisor of 1740786 and 2256?
282
What is the greatest common factor of 532428 and 468?
156
What is the greatest common divisor of 10816 and 3042?
338
Calculate the highest common divisor of 786 and 52138.
262
What is the greatest common factor of 20 and 70985?
5
What is the greatest common divisor of 18 and 67326?
6
Calculate the greatest common divisor of 11121 and 33.
33
Calculate the highest common divisor of 1859829 and 427.
61
Calculate the highest common divisor of 40964 and 132748.
308
Calculate the greatest common divisor of 16571 and 8626.
227
Calculate the highest common divisor of 206 and 810816.
206
What is the highest common divisor of 1829 and 13747?
59
Calculate the greatest common factor of 1644650 and 5550.
1850
What is the greatest common factor of 14597 and 220?
11
Calculate the greatest common divisor of 88605 and 49500.
495
What is the greatest common factor of 85245 and 45?
15
What is the highest common divisor of 305786 and 2470?
494
Calculate the greatest common divisor of 17213026 and 202.
202
What is the greatest common divisor of 12024 and 72?
72
What is the highest common factor of 130427 and 176?
11
What is the highest common factor of 890128 and 48?
16
Calculate the highest common divisor of 3408 and 2208.
48
What is the greatest common divisor of 123 and 53013?
123
What is the highest common divisor of 364 and 359828?
28
What is the highest common divisor of 2289421 and 11345?
2269
What is the greatest common divisor of 4377 and 144?
3
What is the highest common factor of 472 and 5133?
59
What is the highest common divisor of 31806 and 2?
2
What is the highest common divisor of 18928 and 3856?
16
What is the greatest common factor of 23912 and 93696?
488
What is the highest common divisor of 391 and 2567?
17
Calculate the highest common factor of 16 and 212656.
16
Calculate the highest common factor of 32207 and 8729.
301
What is the highest common divisor of 4089 and 3807?
141
What is the greatest common factor of 2140 and 21380?
20
Calculate the greatest common factor of 60 and 258135.
15
What is the highest common divisor of 108 and 180288?
36
What is the highest common divisor of 41273 and 1341?
149
What is the greatest common factor of 202832 and 112?
112
What is the greatest common divisor of 2390 and 112808?
478
Calculate the greatest common factor of 16370 and 190.
10
Calculate the greatest common factor of 20280 and 3250.
130
What is the greatest common factor of 12089 and 6437?
157
Calculate the highest common factor of 3081 and 897.
39
Calculate the highest common divisor of 21084 and 318017.
1757
Calculate the greatest common factor of 88119 and 27.
9
Calculate the greatest common divisor of 1104 and 5497.
23
What is the highest common divisor of 1247 and 53998?
29
What is the highest common factor of 7165 and 415?
5
Calculate the highest common factor of 3207222 and 9.
9
What is the highest common factor of 6 and 1311945?
3
What is the highest common divisor of 1964 and 1796078?
982
What is the greatest common factor of 807 and 591531?
807
What is the highest common factor of 869601 and 255?
51
What is the greatest common divisor of 5957 and 23?
23
What is the highest common factor of 198 and 42702?
66
What is the greatest common divisor of 29300 and 15500?
100
What is the greatest common divisor of 2139 and 2553?
69
What is the highest common factor of 1200 and 1670?
10
What is the greatest common factor of 1029 and 2025807?
147
Calculate the